{"id":1038,"date":"2019-05-14T20:57:09","date_gmt":"2019-05-14T20:57:09","guid":{"rendered":"http:\/\/quimidex.ufsc.br\/?page_id=1038"},"modified":"2021-04-19T22:32:52","modified_gmt":"2021-04-19T22:32:52","slug":"tutorial-simulacao","status":"publish","type":"page","link":"https:\/\/quimidex.ufsc.br\/index.php\/ambiente-tematico-qv\/tutorial-simulacao\/","title":{"rendered":"Tutorial Simula\u00e7\u00e3o"},"content":{"rendered":"<h1 class=\"fonts-plugin-block\" style=\"font-family: Crete Round;font-weight: 400;text-align: center;color: #000000;\">Construindo a Estrela Verde<\/h1>\n\n<p class=\"fonts-plugin-block\" style=\"font-family: Roboto;font-weight: normal;text-align: center;color: #000000;\">Para abrir o simulador e construir a Estrela Verde, clique no \u00edcone abaixo \u201cClique aqui para construir a Estrela Verde\u201d:<\/p>\n\n\n<div class=\"wp-block-image\"><figure class=\"aligncenter size-large is-resized\"><a href=\"https:\/\/quimidex.ufsc.br\/wp-includes\/simulador-quimidex\/index.html\" target=\"_blank\" rel=\"noopener noreferrer\"><img data-attachment-id=\"3771\" data-permalink=\"https:\/\/quimidex.ufsc.br\/?attachment_id=3771\" data-orig-file=\"https:\/\/quimidex.ufsc.br\/wp-content\/uploads\/2020\/06\/Clique-aqui-1-1.gif\" data-orig-size=\"800,300\" data-comments-opened=\"1\" data-image-meta=\"{&quot;aperture&quot;:&quot;0&quot;,&quot;credit&quot;:&quot;&quot;,&quot;camera&quot;:&quot;&quot;,&quot;caption&quot;:&quot;&quot;,&quot;created_timestamp&quot;:&quot;0&quot;,&quot;copyright&quot;:&quot;&quot;,&quot;focal_length&quot;:&quot;0&quot;,&quot;iso&quot;:&quot;0&quot;,&quot;shutter_speed&quot;:&quot;0&quot;,&quot;title&quot;:&quot;&quot;,&quot;orientation&quot;:&quot;0&quot;}\" data-image-title=\"Clique-aqui (1)\" data-image-description=\"\" data-medium-file=\"https:\/\/quimidex.ufsc.br\/wp-content\/uploads\/2020\/06\/Clique-aqui-1-1-300x113.gif\" data-large-file=\"https:\/\/quimidex.ufsc.br\/wp-content\/uploads\/2020\/06\/Clique-aqui-1-1.gif\" loading=\"lazy\" src=\"http:\/\/quimidex.ufsc.br\/wp-content\/uploads\/2020\/06\/Clique-aqui-1-1.gif\" alt=\"\" class=\"wp-image-3771\" width=\"600\" height=\"225\"\/><\/a><\/figure><\/div>\n\n\n<p class=\"fonts-plugin-block\" style=\"font-family: Roboto;font-weight: normal;color: #000000;\">Ap\u00f3s clicar no \u00edcone acima e abrir o simulador, voc\u00ea pode seguir as orienta\u00e7\u00f5es do tutorial abaixo para o caso das experi\u00eancias de s\u00ednteses:<\/p>\n\n\n<div style=\"height:20px\" aria-hidden=\"true\" class=\"wp-block-spacer\"><\/div>\n\n\n\n<figure class=\"wp-block-image\"><img data-attachment-id=\"5287\" data-permalink=\"https:\/\/quimidex.ufsc.br\/index.php\/ambiente-tematico-qv\/tutorial-simulacao\/passo-1-2\/\" data-orig-file=\"https:\/\/quimidex.ufsc.br\/wp-content\/uploads\/2020\/07\/Passo-1.2.png\" data-orig-size=\"1300,46\" data-comments-opened=\"1\" data-image-meta=\"{&quot;aperture&quot;:&quot;0&quot;,&quot;credit&quot;:&quot;&quot;,&quot;camera&quot;:&quot;&quot;,&quot;caption&quot;:&quot;&quot;,&quot;created_timestamp&quot;:&quot;0&quot;,&quot;copyright&quot;:&quot;&quot;,&quot;focal_length&quot;:&quot;0&quot;,&quot;iso&quot;:&quot;0&quot;,&quot;shutter_speed&quot;:&quot;0&quot;,&quot;title&quot;:&quot;&quot;,&quot;orientation&quot;:&quot;0&quot;}\" data-image-title=\"Passo-1.2\" data-image-description=\"\" data-medium-file=\"https:\/\/quimidex.ufsc.br\/wp-content\/uploads\/2020\/07\/Passo-1.2-300x11.png\" data-large-file=\"https:\/\/quimidex.ufsc.br\/wp-content\/uploads\/2020\/07\/Passo-1.2-1024x36.png\" loading=\"lazy\" width=\"1024\" height=\"36\" src=\"http:\/\/quimidex.ufsc.br\/wp-content\/uploads\/2020\/07\/Passo-1.2-1024x36.png\" alt=\"\" class=\"wp-image-5287\" srcset=\"https:\/\/quimidex.ufsc.br\/wp-content\/uploads\/2020\/07\/Passo-1.2-1024x36.png 1024w, https:\/\/quimidex.ufsc.br\/wp-content\/uploads\/2020\/07\/Passo-1.2-300x11.png 300w, https:\/\/quimidex.ufsc.br\/wp-content\/uploads\/2020\/07\/Passo-1.2-768x27.png 768w, https:\/\/quimidex.ufsc.br\/wp-content\/uploads\/2020\/07\/Passo-1.2.png 1300w\" sizes=\"(max-width: 1024px) 100vw, 1024px\" \/><\/figure>\n\n\n<p class=\"fonts-plugin-block\" style=\"font-family: Roboto;font-weight: normal;color: #000000;\">       \u2022  Experi\u00eancia de s\u00edntese (tipo de rea\u00e7\u00e3o) <\/p>\n\n\n<div style=\"height:10px\" aria-hidden=\"true\" class=\"wp-block-spacer\"><\/div>\n\n\n\n<figure class=\"wp-block-image\"><img data-attachment-id=\"5288\" data-permalink=\"https:\/\/quimidex.ufsc.br\/index.php\/ambiente-tematico-qv\/tutorial-simulacao\/passo-2\/\" data-orig-file=\"https:\/\/quimidex.ufsc.br\/wp-content\/uploads\/2020\/07\/Passo-2.png\" data-orig-size=\"1300,46\" data-comments-opened=\"1\" data-image-meta=\"{&quot;aperture&quot;:&quot;0&quot;,&quot;credit&quot;:&quot;&quot;,&quot;camera&quot;:&quot;&quot;,&quot;caption&quot;:&quot;&quot;,&quot;created_timestamp&quot;:&quot;0&quot;,&quot;copyright&quot;:&quot;&quot;,&quot;focal_length&quot;:&quot;0&quot;,&quot;iso&quot;:&quot;0&quot;,&quot;shutter_speed&quot;:&quot;0&quot;,&quot;title&quot;:&quot;&quot;,&quot;orientation&quot;:&quot;0&quot;}\" data-image-title=\"Passo-2\" data-image-description=\"\" data-medium-file=\"https:\/\/quimidex.ufsc.br\/wp-content\/uploads\/2020\/07\/Passo-2-300x11.png\" data-large-file=\"https:\/\/quimidex.ufsc.br\/wp-content\/uploads\/2020\/07\/Passo-2-1024x36.png\" loading=\"lazy\" width=\"1024\" height=\"36\" src=\"http:\/\/quimidex.ufsc.br\/wp-content\/uploads\/2020\/07\/Passo-2-1024x36.png\" alt=\"\" class=\"wp-image-5288\" srcset=\"https:\/\/quimidex.ufsc.br\/wp-content\/uploads\/2020\/07\/Passo-2-1024x36.png 1024w, https:\/\/quimidex.ufsc.br\/wp-content\/uploads\/2020\/07\/Passo-2-300x11.png 300w, https:\/\/quimidex.ufsc.br\/wp-content\/uploads\/2020\/07\/Passo-2-768x27.png 768w, https:\/\/quimidex.ufsc.br\/wp-content\/uploads\/2020\/07\/Passo-2.png 1300w\" sizes=\"(max-width: 1024px) 100vw, 1024px\" \/><\/figure>\n\n\n\n<div style=\"height:20px\" aria-hidden=\"true\" class=\"wp-block-spacer\"><\/div>\n\n\n\n<figure class=\"wp-block-image\"><img data-attachment-id=\"5289\" data-permalink=\"https:\/\/quimidex.ufsc.br\/index.php\/ambiente-tematico-qv\/tutorial-simulacao\/passo-3\/\" data-orig-file=\"https:\/\/quimidex.ufsc.br\/wp-content\/uploads\/2020\/07\/Passo-3.png\" data-orig-size=\"1300,46\" data-comments-opened=\"1\" data-image-meta=\"{&quot;aperture&quot;:&quot;0&quot;,&quot;credit&quot;:&quot;&quot;,&quot;camera&quot;:&quot;&quot;,&quot;caption&quot;:&quot;&quot;,&quot;created_timestamp&quot;:&quot;0&quot;,&quot;copyright&quot;:&quot;&quot;,&quot;focal_length&quot;:&quot;0&quot;,&quot;iso&quot;:&quot;0&quot;,&quot;shutter_speed&quot;:&quot;0&quot;,&quot;title&quot;:&quot;&quot;,&quot;orientation&quot;:&quot;0&quot;}\" data-image-title=\"Passo-3\" data-image-description=\"\" data-medium-file=\"https:\/\/quimidex.ufsc.br\/wp-content\/uploads\/2020\/07\/Passo-3-300x11.png\" data-large-file=\"https:\/\/quimidex.ufsc.br\/wp-content\/uploads\/2020\/07\/Passo-3-1024x36.png\" loading=\"lazy\" width=\"1024\" height=\"36\" src=\"http:\/\/quimidex.ufsc.br\/wp-content\/uploads\/2020\/07\/Passo-3-1024x36.png\" alt=\"\" class=\"wp-image-5289\" srcset=\"https:\/\/quimidex.ufsc.br\/wp-content\/uploads\/2020\/07\/Passo-3-1024x36.png 1024w, https:\/\/quimidex.ufsc.br\/wp-content\/uploads\/2020\/07\/Passo-3-300x11.png 300w, https:\/\/quimidex.ufsc.br\/wp-content\/uploads\/2020\/07\/Passo-3-768x27.png 768w, https:\/\/quimidex.ufsc.br\/wp-content\/uploads\/2020\/07\/Passo-3.png 1300w\" sizes=\"(max-width: 1024px) 100vw, 1024px\" \/><\/figure>\n\n\n<p class=\"fonts-plugin-block\" style=\"font-family: Roboto;font-weight: normal;color: #000000;\">       \u2022  Preencha a massa dos reagentes estequiom\u00e9tricos e do produto (com registro de massa em gramas). <\/p>\n\n<p class=\"fonts-plugin-block\" style=\"font-family: Roboto;font-weight: normal;color: #000000;\">       \u2022  Preencha os reagentes auxiliares e solventes (com ou sem registro de massas) <\/p>\n\n<p class=\"fonts-plugin-block\" style=\"font-family: Roboto;font-weight: normal;color: #000000;\">       \u2022  Res\u00edduos (com ou sem registro de massas) <\/p>\n\n<p class=\"fonts-plugin-block\" style=\"font-family: Roboto;font-weight: normal;color: #000000;\">       \u2022  Preencher o perigo de todas as subst\u00e2ncias <\/p>\n\n\n<div style=\"height:10px\" aria-hidden=\"true\" class=\"wp-block-spacer\"><\/div>\n\n\n\n<figure class=\"wp-block-image\"><img data-attachment-id=\"5290\" data-permalink=\"https:\/\/quimidex.ufsc.br\/index.php\/ambiente-tematico-qv\/tutorial-simulacao\/passo-4\/\" data-orig-file=\"https:\/\/quimidex.ufsc.br\/wp-content\/uploads\/2020\/07\/Passo-4.png\" data-orig-size=\"1300,46\" data-comments-opened=\"1\" data-image-meta=\"{&quot;aperture&quot;:&quot;0&quot;,&quot;credit&quot;:&quot;&quot;,&quot;camera&quot;:&quot;&quot;,&quot;caption&quot;:&quot;&quot;,&quot;created_timestamp&quot;:&quot;0&quot;,&quot;copyright&quot;:&quot;&quot;,&quot;focal_length&quot;:&quot;0&quot;,&quot;iso&quot;:&quot;0&quot;,&quot;shutter_speed&quot;:&quot;0&quot;,&quot;title&quot;:&quot;&quot;,&quot;orientation&quot;:&quot;0&quot;}\" data-image-title=\"Passo-4\" data-image-description=\"\" data-medium-file=\"https:\/\/quimidex.ufsc.br\/wp-content\/uploads\/2020\/07\/Passo-4-300x11.png\" data-large-file=\"https:\/\/quimidex.ufsc.br\/wp-content\/uploads\/2020\/07\/Passo-4-1024x36.png\" loading=\"lazy\" width=\"1024\" height=\"36\" src=\"http:\/\/quimidex.ufsc.br\/wp-content\/uploads\/2020\/07\/Passo-4-1024x36.png\" alt=\"\" class=\"wp-image-5290\" srcset=\"https:\/\/quimidex.ufsc.br\/wp-content\/uploads\/2020\/07\/Passo-4-1024x36.png 1024w, https:\/\/quimidex.ufsc.br\/wp-content\/uploads\/2020\/07\/Passo-4-300x11.png 300w, https:\/\/quimidex.ufsc.br\/wp-content\/uploads\/2020\/07\/Passo-4-768x27.png 768w, https:\/\/quimidex.ufsc.br\/wp-content\/uploads\/2020\/07\/Passo-4.png 1300w\" sizes=\"(max-width: 1024px) 100vw, 1024px\" \/><\/figure>\n\n\n<p class=\"fonts-plugin-block\" style=\"font-family: Roboto;font-weight: normal;color: #000000;\">        \u2022  Os princ\u00edpios\u00a0P1, P3, P5 e P12 s\u00e3o preenchidos automaticamente.\u200b <\/p>\n\n<p class=\"fonts-plugin-block\" style=\"font-family: Roboto;font-weight: normal;color: #000000;\">        \u2022  Avaliar cada princ\u00edpio\u00a0de acordo com a escolha da rea\u00e7\u00e3o. <\/p>\n\n\n<div style=\"height:10px\" aria-hidden=\"true\" class=\"wp-block-spacer\"><\/div>\n\n\n\n<figure class=\"wp-block-image\"><img data-attachment-id=\"6581\" data-permalink=\"https:\/\/quimidex.ufsc.br\/index.php\/ambiente-tematico-qv\/tutorial-simulacao\/passo-6-2\/\" data-orig-file=\"https:\/\/quimidex.ufsc.br\/wp-content\/uploads\/2020\/08\/Passo-6.png\" data-orig-size=\"1300,46\" data-comments-opened=\"1\" data-image-meta=\"{&quot;aperture&quot;:&quot;0&quot;,&quot;credit&quot;:&quot;&quot;,&quot;camera&quot;:&quot;&quot;,&quot;caption&quot;:&quot;&quot;,&quot;created_timestamp&quot;:&quot;0&quot;,&quot;copyright&quot;:&quot;&quot;,&quot;focal_length&quot;:&quot;0&quot;,&quot;iso&quot;:&quot;0&quot;,&quot;shutter_speed&quot;:&quot;0&quot;,&quot;title&quot;:&quot;&quot;,&quot;orientation&quot;:&quot;0&quot;}\" data-image-title=\"Passo-6\" data-image-description=\"\" data-medium-file=\"https:\/\/quimidex.ufsc.br\/wp-content\/uploads\/2020\/08\/Passo-6-300x11.png\" data-large-file=\"https:\/\/quimidex.ufsc.br\/wp-content\/uploads\/2020\/08\/Passo-6-1024x36.png\" loading=\"lazy\" width=\"1024\" height=\"36\" src=\"http:\/\/quimidex.ufsc.br\/wp-content\/uploads\/2020\/08\/Passo-6-1024x36.png\" alt=\"\" class=\"wp-image-6581\" srcset=\"https:\/\/quimidex.ufsc.br\/wp-content\/uploads\/2020\/08\/Passo-6-1024x36.png 1024w, https:\/\/quimidex.ufsc.br\/wp-content\/uploads\/2020\/08\/Passo-6-300x11.png 300w, https:\/\/quimidex.ufsc.br\/wp-content\/uploads\/2020\/08\/Passo-6-768x27.png 768w, https:\/\/quimidex.ufsc.br\/wp-content\/uploads\/2020\/08\/Passo-6.png 1300w\" sizes=\"(max-width: 1024px) 100vw, 1024px\" \/><\/figure>\n\n\n<p class=\"fonts-plugin-block\" style=\"font-family: Roboto;font-weight: normal;color: #000000;\">      \u2022 Apresenta\u00e7\u00e3o da Estrela Verde com respectivo \u00edndice de preenchimento da Estrela (IPE).<\/p>\n\n\n<div style=\"height:50px\" aria-hidden=\"true\" class=\"wp-block-spacer\"><\/div>\n\n\n<p class=\"fonts-plugin-block\" style=\"font-family: Roboto Slab;font-weight: normal;font-size: 16px;line-height: 1;text-align: center;color: #313131;\"><strong>Exportar a Estrela Verde <\/strong><\/p>\n\n\n<div class=\"wp-block-columns\">\n<div class=\"wp-block-column\">\n<div class=\"wp-block-image\"><figure class=\"aligncenter size-large\"><img data-attachment-id=\"8036\" data-permalink=\"https:\/\/quimidex.ufsc.br\/copiedlocalimagefile3\/\" data-orig-file=\"https:\/\/quimidex.ufsc.br\/wp-content\/uploads\/2021\/04\/copiedlocalimagefile3.jpg\" data-orig-size=\"341,327\" data-comments-opened=\"1\" data-image-meta=\"{&quot;aperture&quot;:&quot;0&quot;,&quot;credit&quot;:&quot;&quot;,&quot;camera&quot;:&quot;&quot;,&quot;caption&quot;:&quot;&quot;,&quot;created_timestamp&quot;:&quot;0&quot;,&quot;copyright&quot;:&quot;&quot;,&quot;focal_length&quot;:&quot;0&quot;,&quot;iso&quot;:&quot;0&quot;,&quot;shutter_speed&quot;:&quot;0&quot;,&quot;title&quot;:&quot;&quot;,&quot;orientation&quot;:&quot;0&quot;}\" data-image-title=\"copiedlocalimagefile3\" data-image-description=\"\" data-medium-file=\"https:\/\/quimidex.ufsc.br\/wp-content\/uploads\/2021\/04\/copiedlocalimagefile3-300x288.jpg\" data-large-file=\"https:\/\/quimidex.ufsc.br\/wp-content\/uploads\/2021\/04\/copiedlocalimagefile3.jpg\" loading=\"lazy\" width=\"341\" height=\"327\" src=\"http:\/\/quimidex.ufsc.br\/wp-content\/uploads\/2021\/04\/copiedlocalimagefile3.jpg\" alt=\"Estrela verde de pontua\u00e7\u00e3o m\u00e1xima\" class=\"wp-image-8036\" srcset=\"https:\/\/quimidex.ufsc.br\/wp-content\/uploads\/2021\/04\/copiedlocalimagefile3.jpg 341w, https:\/\/quimidex.ufsc.br\/wp-content\/uploads\/2021\/04\/copiedlocalimagefile3-300x288.jpg 300w\" sizes=\"(max-width: 341px) 100vw, 341px\" \/><\/figure><\/div>\n\n\n\n<p class=\"has-text-align-center has-small-font-size\">Figura 1: Estrela verde de pontua\u00e7\u00e3o m\u00e1xima<\/p>\n<\/div>\n\n\n\n<div class=\"wp-block-column\">\n<div class=\"wp-block-image\"><figure class=\"aligncenter size-large\"><img data-attachment-id=\"8037\" data-permalink=\"https:\/\/quimidex.ufsc.br\/copiedlocalimagefile6\/\" data-orig-file=\"https:\/\/quimidex.ufsc.br\/wp-content\/uploads\/2021\/04\/copiedlocalimagefile6.jpg\" data-orig-size=\"341,327\" data-comments-opened=\"1\" data-image-meta=\"{&quot;aperture&quot;:&quot;0&quot;,&quot;credit&quot;:&quot;&quot;,&quot;camera&quot;:&quot;&quot;,&quot;caption&quot;:&quot;&quot;,&quot;created_timestamp&quot;:&quot;0&quot;,&quot;copyright&quot;:&quot;&quot;,&quot;focal_length&quot;:&quot;0&quot;,&quot;iso&quot;:&quot;0&quot;,&quot;shutter_speed&quot;:&quot;0&quot;,&quot;title&quot;:&quot;&quot;,&quot;orientation&quot;:&quot;0&quot;}\" data-image-title=\"copiedlocalimagefile6\" data-image-description=\"\" data-medium-file=\"https:\/\/quimidex.ufsc.br\/wp-content\/uploads\/2021\/04\/copiedlocalimagefile6-300x288.jpg\" data-large-file=\"https:\/\/quimidex.ufsc.br\/wp-content\/uploads\/2021\/04\/copiedlocalimagefile6.jpg\" loading=\"lazy\" width=\"341\" height=\"327\" src=\"http:\/\/quimidex.ufsc.br\/wp-content\/uploads\/2021\/04\/copiedlocalimagefile6.jpg\" alt=\"Estrela verde de pontua\u00e7\u00e3o m\u00ednima\" class=\"wp-image-8037\" srcset=\"https:\/\/quimidex.ufsc.br\/wp-content\/uploads\/2021\/04\/copiedlocalimagefile6.jpg 341w, https:\/\/quimidex.ufsc.br\/wp-content\/uploads\/2021\/04\/copiedlocalimagefile6-300x288.jpg 300w\" sizes=\"(max-width: 341px) 100vw, 341px\" \/><\/figure><\/div>\n\n\n\n<p class=\"has-text-align-center has-small-font-size\">Figura 2: Estrela verde de pontua\u00e7\u00e3o m\u00ednima<\/p>\n<\/div>\n<\/div>\n\n\n<p class=\"fonts-plugin-block\" style=\"font-family: Roboto Slab;font-weight: normal;text-align: center;\"><strong>Origem&nbsp;das&nbsp;imagens:<\/strong> <strong>Portal Educa (educa.fc.up.pt)<\/strong><\/p>\n\n\n<div style=\"height:40px\" aria-hidden=\"true\" class=\"wp-block-spacer\"><\/div>\n\n\n<h4 class=\"fonts-plugin-block\" style=\"font-family: Roboto Slab;font-weight: normal;text-align: center;color: #444444;\"><strong>Voc\u00ea tamb\u00e9m pode construir a Estrela Verde utilizando as planilhas do programa Excel.<\/strong><\/h4>\n\n\n<div style=\"height:20px\" aria-hidden=\"true\" class=\"wp-block-spacer\"><\/div>\n\n\n\n<div class=\"wp-block-columns\">\n<div class=\"wp-block-column is-vertically-aligned-top borda\"><h5 class=\"fonts-plugin-block\" style=\"font-family: Roboto Slab;font-weight: normal;color: #9f1f83;\"><strong>Clique no \u00edcone de interesse para fazer download das planilhas:<\/strong><\/h5>\n\n\n<div class=\"wp-block-columns are-vertically-aligned-center\">\n<div class=\"wp-block-column is-vertically-aligned-center\" style=\"flex-basis:33.33%\">\n<figure class=\"wp-block-image size-thumbnail\"><a href=\"http:\/\/quimidex.ufsc.br\/wp-content\/uploads\/2021\/04\/Construir_EV_10_pontas.xlsx\"><img data-attachment-id=\"8035\" data-permalink=\"https:\/\/quimidex.ufsc.br\/10-pontas\/\" data-orig-file=\"https:\/\/quimidex.ufsc.br\/wp-content\/uploads\/2021\/04\/10-pontas-e1618863954771.png\" data-orig-size=\"400,400\" data-comments-opened=\"1\" data-image-meta=\"{&quot;aperture&quot;:&quot;0&quot;,&quot;credit&quot;:&quot;&quot;,&quot;camera&quot;:&quot;&quot;,&quot;caption&quot;:&quot;&quot;,&quot;created_timestamp&quot;:&quot;0&quot;,&quot;copyright&quot;:&quot;&quot;,&quot;focal_length&quot;:&quot;0&quot;,&quot;iso&quot;:&quot;0&quot;,&quot;shutter_speed&quot;:&quot;0&quot;,&quot;title&quot;:&quot;&quot;,&quot;orientation&quot;:&quot;0&quot;}\" data-image-title=\"10 pontas\" data-image-description=\"\" data-medium-file=\"https:\/\/quimidex.ufsc.br\/wp-content\/uploads\/2021\/04\/10-pontas-300x300.png\" data-large-file=\"https:\/\/quimidex.ufsc.br\/wp-content\/uploads\/2021\/04\/10-pontas-1024x1024.png\" loading=\"lazy\" width=\"150\" height=\"150\" src=\"http:\/\/quimidex.ufsc.br\/wp-content\/uploads\/2021\/04\/10-pontas-150x150.png\" alt=\"\" class=\"wp-image-8035\" title=\"\u00cdcone para download da planilha da estrela de 10 pontas\"\/><\/a><\/figure>\n<\/div>\n\n\n\n<div class=\"wp-block-column is-vertically-aligned-center\" style=\"flex-basis:66.66%\"><p class=\"fonts-plugin-block\" style=\"font-family: Roboto Slab;font-weight: normal;font-size: 14px;color: #444444;\"><strong>Construindo a Estrela Verde para as experi\u00eancias de s\u00edntese (Estrela Verde com 10 pontas).<\/strong><\/p><\/div>\n<\/div>\n\n\n\n<div class=\"wp-block-columns are-vertically-aligned-center\">\n<div class=\"wp-block-column is-vertically-aligned-center\" style=\"flex-basis:33.33%\">\n<figure class=\"wp-block-image size-thumbnail\"><a href=\"http:\/\/quimidex.ufsc.br\/wp-content\/uploads\/2021\/04\/Construir_EV_6_pontas.xlsx\"><img data-attachment-id=\"8034\" data-permalink=\"https:\/\/quimidex.ufsc.br\/6-pontas\/\" data-orig-file=\"https:\/\/quimidex.ufsc.br\/wp-content\/uploads\/2021\/04\/6-pontas-e1618863978274.png\" data-orig-size=\"400,400\" data-comments-opened=\"1\" data-image-meta=\"{&quot;aperture&quot;:&quot;0&quot;,&quot;credit&quot;:&quot;&quot;,&quot;camera&quot;:&quot;&quot;,&quot;caption&quot;:&quot;&quot;,&quot;created_timestamp&quot;:&quot;0&quot;,&quot;copyright&quot;:&quot;&quot;,&quot;focal_length&quot;:&quot;0&quot;,&quot;iso&quot;:&quot;0&quot;,&quot;shutter_speed&quot;:&quot;0&quot;,&quot;title&quot;:&quot;&quot;,&quot;orientation&quot;:&quot;0&quot;}\" data-image-title=\"6 pontas\" data-image-description=\"\" data-medium-file=\"https:\/\/quimidex.ufsc.br\/wp-content\/uploads\/2021\/04\/6-pontas-300x300.png\" data-large-file=\"https:\/\/quimidex.ufsc.br\/wp-content\/uploads\/2021\/04\/6-pontas-1024x1024.png\" loading=\"lazy\" width=\"150\" height=\"150\" src=\"http:\/\/quimidex.ufsc.br\/wp-content\/uploads\/2021\/04\/6-pontas-150x150.png\" alt=\"\" class=\"wp-image-8034\" title=\"\u00cdcone para download da planilha da estrela de 6 pontas\"\/><\/a><\/figure>\n<\/div>\n\n\n\n<div class=\"wp-block-column is-vertically-aligned-center\" style=\"flex-basis:66.66%\"><p class=\"fonts-plugin-block\" style=\"font-family: Roboto Slab;font-weight: normal;font-size: 14px;color: #444444;\"><strong>Construindo a Estrela Verde para as experi\u00eancias de separa\u00e7\u00e3o e sem s\u00edntese (Estrela Verde com 6 pontas).<\/strong><\/p><\/div>\n<\/div>\n<\/div>\n\n\n\n<div class=\"wp-block-column\"><h5 class=\"fonts-plugin-block\" style=\"font-family: Roboto Slab;font-weight: normal;color: #9f1f83;\"><strong>Observa\u00e7\u00f5es para construir a Estrela Verde no simulador e nas planilhas de Excel:<\/strong><\/h5>\n\n\n<p>As planilhas de Excel cont\u00e9m tutoriais para auxiliar no passo a passo e preenchimento dos dados para a constru\u00e7\u00e3o da Estrela Verde.<\/p>\n\n\n\n<p>As informa\u00e7\u00f5es sobre os c\u00f3digos de perigos das subst\u00e2ncias podem ser encontradas nas Fichas de Informa\u00e7\u00e3o de Seguran\u00e7a de Produtos Qu\u00edmicos (FISPQ). Estas fichas podem s\u00e3o encontradas nos sites das empresas que comercializam reagentes e produtos qu\u00edmicos. Cada subst\u00e2ncia apresenta uma pontua\u00e7\u00e3o para classificar os perigos (perigos a sa\u00fade, ao meio ambiente e f\u00edsico). Essa pontua\u00e7\u00e3o vai de 1 a 3:<\/p>\n\n\n\n<ul><li>O n\u00famero&nbsp;1&nbsp;significa que n\u00e3o h\u00e1 indica\u00e7\u00e3o de perigo para a subst\u00e2ncia;<\/li><li>O n\u00famero&nbsp;2 a subst\u00e2ncia apresenta perigo moderado e;<\/li><li>O n\u00famero&nbsp;3 a subst\u00e2ncia apresenta perigo elevado.<\/li><\/ul>\n\n\n\n<p class=\"linkdestaque\"><a href=\"https:\/\/quimidex.ufsc.br\/wp-content\/uploads\/2019\/11\/pontua%C3%A7%C3%A3o-dos-perigos.pdf\" target=\"_blank\" rel=\"noreferrer noopener\">Clique aqui para visualizar a tabela com as respectivas pontua\u00e7\u00f5es dos c\u00f3digos de perigos (1 a 3).<\/a><\/p>\n\n\n\n<p>Cada subst\u00e2ncia pode apresentar um ou mais c\u00f3digos de perigos (ver as FISPQ de cada subst\u00e2ncia em an\u00e1lise).<\/p>\n<\/div>\n<\/div>\n\n\n\n<style>\n.borda{\nborder-right: 1px solid #F1F1F1;\n}\n.linkdestaque{\nborder: 2px solid #9f1f83;\npadding:20px;\n}\n.linkdestaque a{\ncolor:#9f1f83;}\n<\/style>\n\n\n<h5 class=\"fonts-plugin-block\" style=\"font-family: Roboto Slab;font-weight: normal;color: #000000;\"><strong>Refer\u00eancias<\/strong><\/h5>\n\n<p class=\"fonts-plugin-block\" style=\"font-weight: normal;color: #000000;\">Origem do passo a passo e das planilhas do Excel: <a href=\"http:\/\/educa.fc.up.pt\/\" target=\"_blank\" rel=\"noreferrer noopener\">Portal Educa<\/a><\/p>\n\n<p class=\"fonts-plugin-block\" style=\"font-weight: normal;color: #000000;\">MACHADO, A. A. S. C. <strong>Introdu\u00e7\u00e3o \u00e0s M\u00e9tricas de Qu\u00edmica Verde:<\/strong> uma vis\u00e3o sist\u00eamica. 1 ed. Florian\u00f3polis: Editora UFSC, 2014.<\/p>\n\n\n<div style=\"height:20px\" aria-hidden=\"true\" class=\"wp-block-spacer\"><\/div>\n\n\n\n<a href=\"https:\/\/quimidex.ufsc.br\/index.php\/ambiente-tematico-qv\/\" class=\"volta\"><i class=\"fa fa-chevron-circle-left\"><\/i> Anterior<\/a>\n","protected":false},"excerpt":{"rendered":"<p>Figura 1: Estrela verde de pontua\u00e7\u00e3o m\u00e1xima Figura 2: Estrela verde de pontua\u00e7\u00e3o m\u00ednima As planilhas de Excel cont\u00e9m tutoriais para auxiliar no passo a passo e preenchimento dos dados para a constru\u00e7\u00e3o da Estrela Verde. As informa\u00e7\u00f5es sobre os c\u00f3digos de perigos das subst\u00e2ncias podem ser encontradas nas Fichas de Informa\u00e7\u00e3o de Seguran\u00e7a de [&hellip;]<\/p>\n","protected":false},"author":1,"featured_media":0,"parent":29,"menu_order":5,"comment_status":"closed","ping_status":"closed","template":"","meta":{"spay_email":""},"featured_image_src":null,"featured_image_src_square":null,"uagb_featured_image_src":{"full":false,"thumbnail":false,"medium":false,"medium_large":false,"large":false,"1536x1536":false,"2048x2048":false,"ab-block-post-grid-landscape":false,"ab-block-post-grid-square":false},"uagb_author_info":{"display_name":"admin","author_link":"https:\/\/quimidex.ufsc.br\/index.php\/author\/admin\/"},"uagb_comment_info":0,"uagb_excerpt":"Figura 1: Estrela verde de pontua\u00e7\u00e3o m\u00e1xima Figura 2: Estrela verde de pontua\u00e7\u00e3o m\u00ednima As planilhas de Excel cont\u00e9m tutoriais para auxiliar no passo a passo e preenchimento dos dados para a constru\u00e7\u00e3o da Estrela Verde. As informa\u00e7\u00f5es sobre os c\u00f3digos de perigos das subst\u00e2ncias podem ser encontradas nas Fichas de Informa\u00e7\u00e3o de Seguran\u00e7a de&hellip;","_links":{"self":[{"href":"https:\/\/quimidex.ufsc.br\/index.php\/wp-json\/wp\/v2\/pages\/1038"}],"collection":[{"href":"https:\/\/quimidex.ufsc.br\/index.php\/wp-json\/wp\/v2\/pages"}],"about":[{"href":"https:\/\/quimidex.ufsc.br\/index.php\/wp-json\/wp\/v2\/types\/page"}],"author":[{"embeddable":true,"href":"https:\/\/quimidex.ufsc.br\/index.php\/wp-json\/wp\/v2\/users\/1"}],"replies":[{"embeddable":true,"href":"https:\/\/quimidex.ufsc.br\/index.php\/wp-json\/wp\/v2\/comments?post=1038"}],"version-history":[{"count":21,"href":"https:\/\/quimidex.ufsc.br\/index.php\/wp-json\/wp\/v2\/pages\/1038\/revisions"}],"predecessor-version":[{"id":8045,"href":"https:\/\/quimidex.ufsc.br\/index.php\/wp-json\/wp\/v2\/pages\/1038\/revisions\/8045"}],"up":[{"embeddable":true,"href":"https:\/\/quimidex.ufsc.br\/index.php\/wp-json\/wp\/v2\/pages\/29"}],"wp:attachment":[{"href":"https:\/\/quimidex.ufsc.br\/index.php\/wp-json\/wp\/v2\/media?parent=1038"}],"curies":[{"name":"wp","href":"https:\/\/api.w.org\/{rel}","templated":true}]}}