{"id":309,"date":"2019-05-07T22:45:02","date_gmt":"2019-05-07T22:45:02","guid":{"rendered":"http:\/\/localhost\/wordpress\/?page_id=309"},"modified":"2020-12-23T17:58:12","modified_gmt":"2020-12-23T17:58:12","slug":"oficina-dos-aromas","status":"publish","type":"page","link":"https:\/\/quimidex.ufsc.br\/index.php\/oficinas-tematicas\/oficina-dos-aromas\/","title":{"rendered":"Sintetizando aromas e aromatizando velas"},"content":{"rendered":"\n<h1 class=\"has-text-align-center has-text-color\" style=\"color:#444444\">Sintetizando aromas e aromatizando velas<\/h1>\n\n\n\n<div data-carousel-extra='{\"blog_id\":1,\"permalink\":\"https:\\\/\\\/quimidex.ufsc.br\\\/index.php\\\/oficinas-tematicas\\\/oficina-dos-aromas\\\/\"}' style=\"height:20px\" aria-hidden=\"true\" class=\"wp-block-spacer\"><\/div>\n\n\n\n<div data-carousel-extra='{\"blog_id\":1,\"permalink\":\"https:\\\/\\\/quimidex.ufsc.br\\\/index.php\\\/oficinas-tematicas\\\/oficina-dos-aromas\\\/\"}' class=\"wp-block-columns\">\n<div data-carousel-extra='{\"blog_id\":1,\"permalink\":\"https:\\\/\\\/quimidex.ufsc.br\\\/index.php\\\/oficinas-tematicas\\\/oficina-dos-aromas\\\/\"}' class=\"wp-block-column\" style=\"flex-basis:25%\">\n<figure class=\"wp-block-image size-large triazul\"><img data-attachment-id=\"7453\" data-permalink=\"https:\/\/quimidex.ufsc.br\/aromanima\/\" data-orig-file=\"https:\/\/quimidex.ufsc.br\/wp-content\/uploads\/2020\/11\/aromanima.gif\" data-orig-size=\"500,500\" data-comments-opened=\"1\" data-image-meta=\"{&quot;aperture&quot;:&quot;0&quot;,&quot;credit&quot;:&quot;&quot;,&quot;camera&quot;:&quot;&quot;,&quot;caption&quot;:&quot;&quot;,&quot;created_timestamp&quot;:&quot;0&quot;,&quot;copyright&quot;:&quot;&quot;,&quot;focal_length&quot;:&quot;0&quot;,&quot;iso&quot;:&quot;0&quot;,&quot;shutter_speed&quot;:&quot;0&quot;,&quot;title&quot;:&quot;&quot;,&quot;orientation&quot;:&quot;0&quot;}\" data-image-title=\"aromanima\" data-image-description=\"\" data-medium-file=\"https:\/\/quimidex.ufsc.br\/wp-content\/uploads\/2020\/11\/aromanima-300x300.gif\" data-large-file=\"https:\/\/quimidex.ufsc.br\/wp-content\/uploads\/2020\/11\/aromanima.gif\" loading=\"lazy\" width=\"500\" height=\"500\" src=\"http:\/\/quimidex.ufsc.br\/wp-content\/uploads\/2020\/11\/aromanima.gif\" alt=\"Ilustra\u00e7\u00e3o da oficina de velas: uma vela aparece acesa no centro da figura, com v\u00e1rias flores em volta.\" class=\"wp-image-7453\"\/><\/figure>\n<\/div>\n\n\n\n<div data-carousel-extra='{\"blog_id\":1,\"permalink\":\"https:\\\/\\\/quimidex.ufsc.br\\\/index.php\\\/oficinas-tematicas\\\/oficina-dos-aromas\\\/\"}' class=\"wp-block-column bordinhaazul\" style=\"flex-basis:50%\">\n<h2 class=\"has-text-align-center has-text-color\" style=\"color:#2085c3\">Descri\u00e7\u00e3o<\/h2>\n\n\n\n<p>Na\n natureza encontramos diversos exemplos de \u00e9steres org\u00e2nicos, muitos \ndeles respons\u00e1veis pelo aromas de v\u00e1rias flores e frutas. A&nbsp;oficina \ncont\u00e9m experimentos mostrando a s\u00edntese e a purifica\u00e7\u00e3o de um aroma \nid\u00eantico ao natural. <\/p>\n\n\n\n<p>Buscamos  motivar os alunos do ensino m\u00e9dio inclusive com atividades l\u00fadicas,  atrav\u00e9s da fabrica\u00e7\u00e3o de velas arom\u00e1ticas. Cada aluno poder\u00e1 escolher a  ess\u00eancia e o corante de sua prefer\u00eancia. No final, todos podem levar a  vela para casa.<\/p>\n<\/div>\n\n\n\n<div data-carousel-extra='{\"blog_id\":1,\"permalink\":\"https:\\\/\\\/quimidex.ufsc.br\\\/index.php\\\/oficinas-tematicas\\\/oficina-dos-aromas\\\/\"}' class=\"wp-block-column\" style=\"flex-basis:25%\">\n<h2 class=\"has-text-color\" style=\"color:#2085c3\"><strong>Informa\u00e7\u00f5es<\/strong><\/h2>\n\n\n\n<p><strong>Conte\u00fados abordados: <\/strong>fun\u00e7\u00f5es org\u00e2nicas, catalisadores, rea\u00e7\u00f5es qu\u00edmicas, m\u00e9todos de separa\u00e7\u00e3o, propriedades f\u00edsicas e qu\u00edmicas da mat\u00e9ria<\/p>\n\n\n\n<p><strong>P\u00fablico-alvo:<\/strong> todos os p\u00fablicos a partir de 12 anos de idade<\/p>\n\n\n\n<p><strong>Dura\u00e7\u00e3o:<\/strong> 2 horas<\/p>\n\n\n\n<p><strong>Capacidade:<\/strong> at\u00e9 20 pessoas<\/p>\n\n\n\n<div data-carousel-extra='{\"blog_id\":1,\"permalink\":\"https:\\\/\\\/quimidex.ufsc.br\\\/index.php\\\/oficinas-tematicas\\\/oficina-dos-aromas\\\/\"}' class=\"wp-block-buttons\">\n<div data-carousel-extra='{\"blog_id\":1,\"permalink\":\"https:\\\/\\\/quimidex.ufsc.br\\\/index.php\\\/oficinas-tematicas\\\/oficina-dos-aromas\\\/\"}' class=\"wp-block-button botaoazul\"><a class=\"wp-block-button__link\" href=\"http:\/\/quimidex.ufsc.br\/index.php\/agenda\/\" target=\"_blank\" rel=\"noreferrer noopener\">Agendar<\/a><\/div>\n<\/div>\n<\/div>\n<\/div>\n\n\n\n<h2 class=\"has-text-align-center has-text-color\" style=\"color:#2085c3\">Galeria<\/h2>\n\n\n\n<div data-carousel-extra='{\"blog_id\":1,\"permalink\":\"https:\\\/\\\/quimidex.ufsc.br\\\/index.php\\\/oficinas-tematicas\\\/oficina-dos-aromas\\\/\"}' class=\"wp-block-jetpack-tiled-gallery aligncenter is-style-columns\"><div data-carousel-extra='{\"blog_id\":1,\"permalink\":\"https:\\\/\\\/quimidex.ufsc.br\\\/index.php\\\/oficinas-tematicas\\\/oficina-dos-aromas\\\/\"}' class=\"tiled-gallery__gallery\"><div data-carousel-extra='{\"blog_id\":1,\"permalink\":\"https:\\\/\\\/quimidex.ufsc.br\\\/index.php\\\/oficinas-tematicas\\\/oficina-dos-aromas\\\/\"}' class=\"tiled-gallery__row\"><div data-carousel-extra='{\"blog_id\":1,\"permalink\":\"https:\\\/\\\/quimidex.ufsc.br\\\/index.php\\\/oficinas-tematicas\\\/oficina-dos-aromas\\\/\"}' class=\"tiled-gallery__col\" style=\"flex-basis:66.577023544172%\"><figure class=\"tiled-gallery__item\"><img data-attachment-id=\"325\" data-permalink=\"https:\/\/quimidex.ufsc.br\/index.php\/oficinas-tematicas\/oficina-dos-aromas\/dsc_0504-jpg\/\" data-orig-file=\"https:\/\/quimidex.ufsc.br\/wp-content\/uploads\/2019\/05\/DSC_0504.JPG.jpg\" data-orig-size=\"3216,2136\" data-comments-opened=\"1\" data-image-meta=\"{&quot;aperture&quot;:&quot;1.8&quot;,&quot;credit&quot;:&quot;&quot;,&quot;camera&quot;:&quot;NIKON D300S&quot;,&quot;caption&quot;:&quot;&quot;,&quot;created_timestamp&quot;:&quot;1461580037&quot;,&quot;copyright&quot;:&quot;&quot;,&quot;focal_length&quot;:&quot;50&quot;,&quot;iso&quot;:&quot;400&quot;,&quot;shutter_speed&quot;:&quot;0.004&quot;,&quot;title&quot;:&quot;&quot;,&quot;orientation&quot;:&quot;1&quot;}\" data-image-title=\"DSC_0504.JPG\" data-image-description=\"\" data-medium-file=\"https:\/\/quimidex.ufsc.br\/wp-content\/uploads\/2019\/05\/DSC_0504.JPG-300x199.jpg\" data-large-file=\"https:\/\/quimidex.ufsc.br\/wp-content\/uploads\/2019\/05\/DSC_0504.JPG-1024x680.jpg\" data-attachment-id=\"325\" data-permalink=\"https:\/\/quimidex.ufsc.br\/index.php\/oficinas-tematicas\/oficina-dos-aromas\/dsc_0504-jpg\/\" data-orig-file=\"https:\/\/quimidex.ufsc.br\/wp-content\/uploads\/2019\/05\/DSC_0504.JPG.jpg\" data-orig-size=\"3216,2136\" data-comments-opened=\"1\" data-image-meta=\"{&quot;aperture&quot;:&quot;1.8&quot;,&quot;credit&quot;:&quot;&quot;,&quot;camera&quot;:&quot;NIKON D300S&quot;,&quot;caption&quot;:&quot;&quot;,&quot;created_timestamp&quot;:&quot;1461580037&quot;,&quot;copyright&quot;:&quot;&quot;,&quot;focal_length&quot;:&quot;50&quot;,&quot;iso&quot;:&quot;400&quot;,&quot;shutter_speed&quot;:&quot;0.004&quot;,&quot;title&quot;:&quot;&quot;,&quot;orientation&quot;:&quot;1&quot;}\" data-image-title=\"DSC_0504.JPG\" data-image-description=\"\" data-medium-file=\"https:\/\/quimidex.ufsc.br\/wp-content\/uploads\/2019\/05\/DSC_0504.JPG-300x199.jpg\" data-large-file=\"https:\/\/quimidex.ufsc.br\/wp-content\/uploads\/2019\/05\/DSC_0504.JPG-1024x680.jpg\" srcset=\"https:\/\/i0.wp.com\/quimidex.ufsc.br\/wp-content\/uploads\/2019\/05\/DSC_0504.JPG.jpg?strip=info&#038;w=600 600w,https:\/\/i0.wp.com\/quimidex.ufsc.br\/wp-content\/uploads\/2019\/05\/DSC_0504.JPG.jpg?strip=info&#038;w=900 900w,https:\/\/i0.wp.com\/quimidex.ufsc.br\/wp-content\/uploads\/2019\/05\/DSC_0504.JPG.jpg?strip=info&#038;w=1200 1200w,https:\/\/i0.wp.com\/quimidex.ufsc.br\/wp-content\/uploads\/2019\/05\/DSC_0504.JPG.jpg?strip=info&#038;w=1500 1500w,https:\/\/i0.wp.com\/quimidex.ufsc.br\/wp-content\/uploads\/2019\/05\/DSC_0504.JPG.jpg?strip=info&#038;w=1800 1800w,https:\/\/i0.wp.com\/quimidex.ufsc.br\/wp-content\/uploads\/2019\/05\/DSC_0504.JPG.jpg?strip=info&#038;w=2000 2000w\" alt=\"\" data-height=\"2136\" data-id=\"325\" data-link=\"http:\/\/quimidex.ufsc.br\/index.php\/oficinas-tematicas\/sintetizando-aromas-e-aromatizando-velas\/dsc_0504-jpg\/\" data-url=\"http:\/\/quimidex.ufsc.br\/wp-content\/uploads\/2019\/05\/DSC_0504.JPG.jpg\" data-width=\"3216\" src=\"https:\/\/i0.wp.com\/quimidex.ufsc.br\/wp-content\/uploads\/2019\/05\/DSC_0504.JPG.jpg\" layout=\"responsive\"\/><\/figure><\/div><div data-carousel-extra='{\"blog_id\":1,\"permalink\":\"https:\\\/\\\/quimidex.ufsc.br\\\/index.php\\\/oficinas-tematicas\\\/oficina-dos-aromas\\\/\"}' class=\"tiled-gallery__col\" style=\"flex-basis:33.42297645582801%\"><figure class=\"tiled-gallery__item\"><img data-attachment-id=\"324\" data-permalink=\"https:\/\/quimidex.ufsc.br\/index.php\/oficinas-tematicas\/oficina-dos-aromas\/20180409_164938\/\" data-orig-file=\"https:\/\/quimidex.ufsc.br\/wp-content\/uploads\/2019\/05\/20180409_164938.jpg\" data-orig-size=\"4128,3096\" data-comments-opened=\"1\" data-image-meta=\"{&quot;aperture&quot;:&quot;1.9&quot;,&quot;credit&quot;:&quot;&quot;,&quot;camera&quot;:&quot;SM-J500M&quot;,&quot;caption&quot;:&quot;&quot;,&quot;created_timestamp&quot;:&quot;1523292578&quot;,&quot;copyright&quot;:&quot;&quot;,&quot;focal_length&quot;:&quot;3.7&quot;,&quot;iso&quot;:&quot;100&quot;,&quot;shutter_speed&quot;:&quot;0.016666666666667&quot;,&quot;title&quot;:&quot;&quot;,&quot;orientation&quot;:&quot;1&quot;}\" data-image-title=\"20180409_164938\" data-image-description=\"\" data-medium-file=\"https:\/\/quimidex.ufsc.br\/wp-content\/uploads\/2019\/05\/20180409_164938-300x225.jpg\" data-large-file=\"https:\/\/quimidex.ufsc.br\/wp-content\/uploads\/2019\/05\/20180409_164938-1024x768.jpg\" data-attachment-id=\"324\" data-permalink=\"https:\/\/quimidex.ufsc.br\/index.php\/oficinas-tematicas\/oficina-dos-aromas\/20180409_164938\/\" data-orig-file=\"https:\/\/quimidex.ufsc.br\/wp-content\/uploads\/2019\/05\/20180409_164938.jpg\" data-orig-size=\"4128,3096\" data-comments-opened=\"1\" data-image-meta=\"{&quot;aperture&quot;:&quot;1.9&quot;,&quot;credit&quot;:&quot;&quot;,&quot;camera&quot;:&quot;SM-J500M&quot;,&quot;caption&quot;:&quot;&quot;,&quot;created_timestamp&quot;:&quot;1523292578&quot;,&quot;copyright&quot;:&quot;&quot;,&quot;focal_length&quot;:&quot;3.7&quot;,&quot;iso&quot;:&quot;100&quot;,&quot;shutter_speed&quot;:&quot;0.016666666666667&quot;,&quot;title&quot;:&quot;&quot;,&quot;orientation&quot;:&quot;1&quot;}\" data-image-title=\"20180409_164938\" data-image-description=\"\" data-medium-file=\"https:\/\/quimidex.ufsc.br\/wp-content\/uploads\/2019\/05\/20180409_164938-300x225.jpg\" data-large-file=\"https:\/\/quimidex.ufsc.br\/wp-content\/uploads\/2019\/05\/20180409_164938-1024x768.jpg\" srcset=\"https:\/\/i1.wp.com\/quimidex.ufsc.br\/wp-content\/uploads\/2019\/05\/20180409_164938.jpg?strip=info&#038;w=600 600w,https:\/\/i1.wp.com\/quimidex.ufsc.br\/wp-content\/uploads\/2019\/05\/20180409_164938.jpg?strip=info&#038;w=900 900w,https:\/\/i1.wp.com\/quimidex.ufsc.br\/wp-content\/uploads\/2019\/05\/20180409_164938.jpg?strip=info&#038;w=1200 1200w,https:\/\/i1.wp.com\/quimidex.ufsc.br\/wp-content\/uploads\/2019\/05\/20180409_164938.jpg?strip=info&#038;w=1500 1500w,https:\/\/i1.wp.com\/quimidex.ufsc.br\/wp-content\/uploads\/2019\/05\/20180409_164938.jpg?strip=info&#038;w=1800 1800w,https:\/\/i1.wp.com\/quimidex.ufsc.br\/wp-content\/uploads\/2019\/05\/20180409_164938.jpg?strip=info&#038;w=2000 2000w\" alt=\"\" data-height=\"3096\" data-id=\"324\" data-link=\"http:\/\/quimidex.ufsc.br\/index.php\/oficinas-tematicas\/sintetizando-aromas-e-aromatizando-velas\/20180409_164938\/\" data-url=\"http:\/\/quimidex.ufsc.br\/wp-content\/uploads\/2019\/05\/20180409_164938.jpg\" data-width=\"4128\" src=\"https:\/\/i1.wp.com\/quimidex.ufsc.br\/wp-content\/uploads\/2019\/05\/20180409_164938.jpg\" layout=\"responsive\"\/><\/figure><\/div><div data-carousel-extra='{\"blog_id\":1,\"permalink\":\"https:\\\/\\\/quimidex.ufsc.br\\\/index.php\\\/oficinas-tematicas\\\/oficina-dos-aromas\\\/\"}' class=\"tiled-gallery__col\"><figure class=\"tiled-gallery__item\"><img data-attachment-id=\"380\" data-permalink=\"https:\/\/quimidex.ufsc.br\/index.php\/oficinas-tematicas\/oficina-dos-aromas\/oficina\/\" data-orig-file=\"https:\/\/quimidex.ufsc.br\/wp-content\/uploads\/2019\/05\/Oficina.gif\" data-orig-size=\"690,388\" data-comments-opened=\"1\" data-image-meta=\"{&quot;aperture&quot;:&quot;0&quot;,&quot;credit&quot;:&quot;&quot;,&quot;camera&quot;:&quot;&quot;,&quot;caption&quot;:&quot;&quot;,&quot;created_timestamp&quot;:&quot;0&quot;,&quot;copyright&quot;:&quot;&quot;,&quot;focal_length&quot;:&quot;0&quot;,&quot;iso&quot;:&quot;0&quot;,&quot;shutter_speed&quot;:&quot;0&quot;,&quot;title&quot;:&quot;&quot;,&quot;orientation&quot;:&quot;0&quot;}\" data-image-title=\"Oficina\" data-image-description=\"\" data-medium-file=\"https:\/\/quimidex.ufsc.br\/wp-content\/uploads\/2019\/05\/Oficina-300x169.gif\" data-large-file=\"https:\/\/quimidex.ufsc.br\/wp-content\/uploads\/2019\/05\/Oficina.gif\" data-attachment-id=\"380\" data-permalink=\"https:\/\/quimidex.ufsc.br\/index.php\/oficinas-tematicas\/oficina-dos-aromas\/oficina\/\" data-orig-file=\"https:\/\/quimidex.ufsc.br\/wp-content\/uploads\/2019\/05\/Oficina.gif\" data-orig-size=\"690,388\" data-comments-opened=\"1\" data-image-meta=\"{&quot;aperture&quot;:&quot;0&quot;,&quot;credit&quot;:&quot;&quot;,&quot;camera&quot;:&quot;&quot;,&quot;caption&quot;:&quot;&quot;,&quot;created_timestamp&quot;:&quot;0&quot;,&quot;copyright&quot;:&quot;&quot;,&quot;focal_length&quot;:&quot;0&quot;,&quot;iso&quot;:&quot;0&quot;,&quot;shutter_speed&quot;:&quot;0&quot;,&quot;title&quot;:&quot;&quot;,&quot;orientation&quot;:&quot;0&quot;}\" data-image-title=\"Oficina\" data-image-description=\"\" data-medium-file=\"https:\/\/quimidex.ufsc.br\/wp-content\/uploads\/2019\/05\/Oficina-300x169.gif\" data-large-file=\"https:\/\/quimidex.ufsc.br\/wp-content\/uploads\/2019\/05\/Oficina.gif\" srcset=\"https:\/\/i1.wp.com\/quimidex.ufsc.br\/wp-content\/uploads\/2019\/05\/Oficina.gif?strip=info&#038;w=388 388w\" alt=\"\" data-height=\"388\" data-id=\"380\" data-link=\"http:\/\/quimidex.ufsc.br\/index.php\/oficinas-tematicas\/sintetizando-aromas-e-aromatizando-velas\/oficina\/\" data-url=\"http:\/\/quimidex.ufsc.br\/wp-content\/uploads\/2019\/05\/Oficina.gif\" data-width=\"690\" src=\"https:\/\/i1.wp.com\/quimidex.ufsc.br\/wp-content\/uploads\/2019\/05\/Oficina.gif\" layout=\"responsive\"\/><\/figure><\/div><\/div><\/div><\/div>\n\n\n\n<div data-carousel-extra='{\"blog_id\":1,\"permalink\":\"https:\\\/\\\/quimidex.ufsc.br\\\/index.php\\\/oficinas-tematicas\\\/oficina-dos-aromas\\\/\"}' style=\"height:20px\" aria-hidden=\"true\" class=\"wp-block-spacer\"><\/div>\n\n\n\n<h2 class=\"has-text-align-center has-text-color\" style=\"color:#2085c3\">Material de apoio<\/h2>\n\n\n\n<p class=\"has-text-align-center\">Em breve.<\/p>\n","protected":false},"excerpt":{"rendered":"<p>Sintetizando aromas e aromatizando velas Descri\u00e7\u00e3o Na natureza encontramos diversos exemplos de \u00e9steres org\u00e2nicos, muitos deles respons\u00e1veis pelo aromas de v\u00e1rias flores e frutas. A&nbsp;oficina cont\u00e9m experimentos mostrando a s\u00edntese e a purifica\u00e7\u00e3o de um aroma id\u00eantico ao natural. Buscamos motivar os alunos do ensino m\u00e9dio inclusive com atividades l\u00fadicas, atrav\u00e9s da fabrica\u00e7\u00e3o de velas [&hellip;]<\/p>\n","protected":false},"author":1,"featured_media":0,"parent":30,"menu_order":0,"comment_status":"closed","ping_status":"closed","template":"","meta":{"spay_email":""},"featured_image_src":null,"featured_image_src_square":null,"uagb_featured_image_src":{"full":false,"thumbnail":false,"medium":false,"medium_large":false,"large":false,"1536x1536":false,"2048x2048":false,"ab-block-post-grid-landscape":false,"ab-block-post-grid-square":false},"uagb_author_info":{"display_name":"admin","author_link":"https:\/\/quimidex.ufsc.br\/index.php\/author\/admin\/"},"uagb_comment_info":0,"uagb_excerpt":"Sintetizando aromas e aromatizando velas Descri\u00e7\u00e3o Na natureza encontramos diversos exemplos de \u00e9steres org\u00e2nicos, muitos deles respons\u00e1veis pelo aromas de v\u00e1rias flores e frutas. A&nbsp;oficina cont\u00e9m experimentos mostrando a s\u00edntese e a purifica\u00e7\u00e3o de um aroma id\u00eantico ao natural. Buscamos motivar os alunos do ensino m\u00e9dio inclusive com atividades l\u00fadicas, atrav\u00e9s da fabrica\u00e7\u00e3o de velas&hellip;","_links":{"self":[{"href":"https:\/\/quimidex.ufsc.br\/index.php\/wp-json\/wp\/v2\/pages\/309"}],"collection":[{"href":"https:\/\/quimidex.ufsc.br\/index.php\/wp-json\/wp\/v2\/pages"}],"about":[{"href":"https:\/\/quimidex.ufsc.br\/index.php\/wp-json\/wp\/v2\/types\/page"}],"author":[{"embeddable":true,"href":"https:\/\/quimidex.ufsc.br\/index.php\/wp-json\/wp\/v2\/users\/1"}],"replies":[{"embeddable":true,"href":"https:\/\/quimidex.ufsc.br\/index.php\/wp-json\/wp\/v2\/comments?post=309"}],"version-history":[{"count":37,"href":"https:\/\/quimidex.ufsc.br\/index.php\/wp-json\/wp\/v2\/pages\/309\/revisions"}],"predecessor-version":[{"id":8025,"href":"https:\/\/quimidex.ufsc.br\/index.php\/wp-json\/wp\/v2\/pages\/309\/revisions\/8025"}],"up":[{"embeddable":true,"href":"https:\/\/quimidex.ufsc.br\/index.php\/wp-json\/wp\/v2\/pages\/30"}],"wp:attachment":[{"href":"https:\/\/quimidex.ufsc.br\/index.php\/wp-json\/wp\/v2\/media?parent=309"}],"curies":[{"name":"wp","href":"https:\/\/api.w.org\/{rel}","templated":true}]}}